What are the prime factors of 42412?
2, 23, 461
What are the prime factors of 2369?
23, 103
What are the prime factors of 1448?
2, 181
List the prime factors of 1574.
2, 787
List the prime factors of 140555.
5, 28111
What are the prime factors of 5293?
67, 79
What are the prime factors of 9042?
2, 3, 11, 137
What are the prime factors of 50?
2, 5
What are the prime factors of 17852?
2, 4463
What are the prime factors of 86?
2, 43
What are the prime factors of 9842?
2, 7, 19, 37
List the prime factors of 9050.
2, 5, 181
List the prime factors of 101.
101
List the prime factors of 13423.
31, 433
List the prime factors of 43932.
2, 3, 7, 523
What are the prime factors of 3136?
2, 7
List the prime factors of 1574.
2, 787
List the prime factors of 1034.
2, 11, 47
What are the prime factors of 2349?
3, 29
List the prime factors of 1262.
2, 631
What are the prime factors of 6902?
2, 7, 17, 29
What are the prime factors of 58897?
58897
What are the prime factors of 1012?
2, 11, 23
What are the prime factors of 65548?
2, 7, 2341
What are the prime factors of 3644?
2, 911
What are the prime factors of 469?
7, 67
What are the prime factors of 52301?
52301
List the prime factors of 1454.
2, 727
List the prime factors of 1534.
2, 13, 59
List the prime factors of 39363.
3, 13121
What are the prime factors of 31275?
3, 5, 139
What are the prime factors of 1884?
2, 3, 157
What are the prime factors of 108909?
3, 12101
List the prime factors of 2690.
2, 5, 269
What are the prime factors of 39865?
5, 7, 17, 67
List the prime factors of 39361.
7, 5623
List the prime factors of 25964.
2, 6491
List the prime factors of 56.
2, 7
What are the prime factors of 11801?
11801
List the prime factors of 1129.
1129
List the prime factors of 787.
787
List the prime factors of 8579.
23, 373
List the prime factors of 961.
31
List the prime factors of 360.
2, 3, 5
List the prime factors of 27383.
139, 197
What are the prime factors of 5680?
2, 5, 71
What are the prime factors of 1095?
3, 5, 73
What are the prime factors of 957?
3, 11, 29
List the prime factors of 686.
2, 7
List the prime factors of 43866.
2, 3, 2437
What are the prime factors of 665?
5, 7, 19
What are the prime factors of 3389?
3389
What are the prime factors of 41360?
2, 5, 11, 47
What are the prime factors of 2367?
3, 263
List the prime factors of 1581.
3, 17, 31
List the prime factors of 30814.
2, 7, 31, 71
List the prime factors of 71306.
2, 101, 353
What are the prime factors of 50170?
2, 5, 29, 173
What are the prime factors of 1700?
2, 5, 17
List the prime factors of 19150.
2, 5, 383
What are the prime factors of 4983?
3, 11, 151
What are the prime factors of 1346?
2, 673
List the prime factors of 23637.
3, 7879
What are the prime factors of 404?
2, 101
List the prime factors of 1304.
2, 163
List the prime factors of 7255.
5, 1451
What are the prime factors of 1007?
19, 53
What are the prime factors of 309?
3, 103
List the prime factors of 25421.
11, 2311
List the prime factors of 805.
5, 7, 23
List the prime factors of 68905.
5, 13781
List the prime factors of 21585.
3, 5, 1439
What are the prime factors of 2972?
2, 743
List the prime factors of 5959.
59, 101
What are the prime factors of 200?
2, 5
What are the prime factors of 261?
3, 29
What are the prime factors of 1311?
3, 19, 23
What are the prime factors of 2927?
2927
What are the prime factors of 2541?
3, 7, 11
What are the prime factors of 2606?
2, 1303
What are the prime factors of 4566?
2, 3, 761
What are the prime factors of 35457?
3, 53, 223
List the prime factors of 1839.
3, 613
List the prime factors of 59273.
59273
What are the prime factors of 16223?
16223
What are the prime factors of 1695?
3, 5, 113
What are the prime factors of 18825?
3, 5, 251
What are the prime factors of 13558?
2, 6779
List the prime factors of 4016.
2, 251
List the prime factors of 1347.
3, 449
List the prime factors of 5629.
13, 433
What are the prime factors of 14730?
2, 3, 5, 491
List the prime factors of 46173.
3, 15391
What are the prime factors of 106312?
2, 97, 137
List the prime factors of 9265.
5, 17, 109
List the prime factors of 2599.
23, 113
List the prime factors of 1941.
3, 647
List the prime factors of 3580.
2, 5, 179
What are the prime factors of 16007?
16007
What are the prime factors of 646?
2, 17, 19
List the prime factors of 2371.
2371
List the prime factors of 4671.
3, 173
What are the prime factors of 425?
5, 17
List the prime factors of 2357.
2357
List the prime factors of 98497.
7, 14071
List the prime factors of 79871.
11, 53, 137
List the prime factors of 728.
2, 7, 13
List the prime factors of 120272.
2, 7517
What are the prime factors of 17885?
5, 7, 73
What are the prime factors of 1895?
5, 379
List the prime factors of 1222.
2, 13, 47
List the prime factors of 3255.
3, 5, 7, 31
List the prime factors of 3933.
3, 19, 23
What are the prime factors of 27867?
3, 7, 1327
List the prime factors of 5071.
11, 461
List the prime factors of 5428.
2, 23, 59
List the prime factors of 13956.
2, 3, 1163
List the prime factors of 29308.
2, 17, 431
List the prime factors of 902.
2, 11, 41
List the prime factors of 1063.
1063
What are the prime factors of 12695?
5, 2539
List the prime factors of 17368.
2, 13, 167
List the prime factors of 3940.
2, 5, 197
What are the prime factors of 7971?
3, 2657
What are the prime factors of 20681?
20681
What are the prime factors of 38609?
38609
List the prime factors of 7549.
7549
List the prime factors of 41926.
2, 20963
List the prime factors of 7753.
7753
What are the prime factors of 397?
397
List the prime factors of 4851.
3, 7, 11
List the prime factors of 1435.
5, 7, 41
What are the prime factors of 19992?
2, 3, 7, 17
What are the prime factors of 154480?
2, 5, 1931
List the prime factors of 4621.
4621
What are the prime factors of 2484?
2, 3, 23
List the prime factors of 825.
3, 5, 11
List the prime factors of 12584.
2, 11, 13
List the prime factors of 2193.
3, 17, 43
List the prime factors of 1712.
2, 107
List the prime factors of 3228.
2, 3, 269
What are the prime factors of 7689?
3, 11, 233
List the prime factors of 898.
2, 449
List the prime factors of 71586.
2, 3, 41, 97
List the prime factors of 5691.
3, 7, 271
List the prime factors of 58501.
19, 3079
List the prime factors of 4229.
4229
What are the prime factors of 318?
2, 3, 53
What are the prime factors of 15198?
2, 3, 17, 149
List the prime factors of 1834.
2, 7, 131
List the prime factors of 45656.
2, 13, 439
List the prime factors of 2223.
3, 13, 19
What are the prime factors of 2653?
7, 379
What are the prime factors of 13427?
29, 463
What are the prime factors of 1667?
1667
What are the prime factors of 687?
3, 229
List the prime factors of 693.
3, 7, 11
What are the prime factors of 23?
23
What are the prime factors of 602?
2, 7, 43
What are the prime factors of 2422?
2, 7, 173
What are the prime factors of 3023?
3023
What are the prime factors of 175?
5, 7
What are the prime factors of 5715?
3, 5, 127
What are the prime factors of 420?
2, 3, 5, 7
List the prime factors of 6759.
3, 751
List the prime factors of 2582.
2, 1291
List the prime factors of 62330.
2, 5, 23, 271
What are the prime factors of 5705?
5, 7, 163
List the prime factors of 103248.
2, 3, 239
List the prime factors of 409.
409
What are the prime factors of 746?
2, 373
List the prime factors of 5522.
2, 11, 251
What are the prime factors of 140192?
2, 13, 337
What are the prime factors of 1810?
2, 5, 181
List the prime factors of 1818.
2, 3, 101
List the prime factors of 8602.
2, 11, 17, 23
List the prime factors of 21672.
2, 3, 7, 43
List the prime factors of 90.
2, 3, 5
List the prime factors of 47449.
23, 2063
List the prime factors of 6597.
3, 733
What are the prime factors of 4577?
23, 199
List the prime factors of 84700.
2, 5, 7, 11
List the prime factors of 2608.
2, 163
What are the prime factors of 4017?
3, 13, 103
What are the prime factors of 1253?
7, 179
What are the prime factors of 4592?
2, 7, 41
List the prime factors of 81.
3
What are the prime factors of 31527?
3, 31, 113
List the prime factors of 2307.
3, 769
List the prime factors of 4378.
2, 11, 199
List the prime factors of 902.
2, 11, 41
List the prime factors of 2992.
2, 11, 17
List the prime fac